t of 3479/77 + (-4)/22?
5
Let z = 15 + -11. Let o(j) = 4*j**2 - 4*j - 8. What is the units digit of o(z)?
0
Let d = 203 - 144. What is the units digit of d?
9
Suppose -4*x + 4*q + 76 = -0*q, -3*q - 17 = -x. What is the units digit of x?
0
Suppose -5*t = -2*i - i + 267, -178 = -2*i - 3*t. What is the tens digit of i?
8
Let o be (-2)/(4/(-282)) + -1. Suppose -3*c - 4*v + 105 = 0, -v = c - 5*c + o. What is the units digit of c?
5
Let i be (0 - (-45)/6)*6. Let z = -24 + i. What is the units digit of z?
1
Suppose -3*l + 506 = o, 5*l + 4*o = l + 664. Suppose -3*s = -8*s + l. What is the units digit of s?
4
Suppose 3*t + 8 = 5*y, 4*y = 3*t + 2*y + 23. What is the units digit of (t + -1)*(-4)/4?
2
Let m(f) = -f - 1. Let z(x) = -x - 8. Let l(p) = 4*m(p) + z(p). What is the tens digit of l(-11)?
4
Let m(j) = j**3 - 3*j**2 + 3*j + 10. What is the tens digit of m(4)?
3
Suppose -3*x - j + 8 = 0, j + 8 - 1 = 2*x. Suppose 0 = -x*h - 5*v + 25, -2*h - v = 3*h - 27. Suppose i = -3 + h. What is the units digit of i?
2
Suppose 35 = -3*g - 2*g. Let u(o) = -3*o - 4. What is the tens digit of u(g)?
1
Let l(q) = -5*q - 1. Let c(v) = v**3 + 10*v**2 + 10*v + 8. Let d be c(-9). Let a be l(d). Let h(m) = 2*m - 2. What is the units digit of h(a)?
6
Let u = 4 - 0. Let m be u + (-5)/((-5)/(-2)). Suppose -n + v = -3, -4 = 2*n + m*v - 14. What is the units digit of n?
4
Suppose 0 = 3*g + 5*n - 4*n + 12, -5*g = -2*n + 20. Let z = 19 + g. What is the units digit of z?
5
Let y(i) = 5*i + 6. What is the units digit of y(8)?
6
What is the tens digit of 1*15 + -5 + 6?
1
Let o = 7 + 1. What is the units digit of 34/o*(-3 - -7)?
7
What is the units digit of 198/(-4)*(-4)/6?
3
What is the units digit of 4/(-3)*(-99)/2?
6
Let t(n) = -12*n - 25. What is the units digit of t(-15)?
5
Let s(w) = -w - 7. Let i be s(-11). Let l be 9/6 - (-6)/(-4). Let q = l + i. What is the units digit of q?
4
Suppose 4*j - 5*v = -32, -4*v = -5*j - 0*v - 49. Let o = 18 + j. What is the units digit of o?
5
What is the units digit of (-1)/2 - (3 + (-259)/2)?
6
Let m = -1 - 1. Let f be 4/((0 - -1) + m). Let v(s) = -s**3 - 3*s**2 + 2*s + 2. What is the units digit of v(f)?
0
Let d(q) = -18*q - 29. What is the units digit of d(-5)?
1
Let t = 2 + 4. What is the units digit of t?
6
Let x = -153 + 211. What is the tens digit of x?
5
Let c(t) = 3*t**3 - t**2 - 3*t + 1. Let m be (-48)/(-30) + (-4)/(-10). What is the tens digit of c(m)?
1
Suppose 0 = 3*h - 8*h + 345. What is the units digit of h?
9
Let l be 2*(-2)/12*-9. Suppose 5*k - l*k = 22. What is the units digit of k?
1
Suppose 0 = q + 82 - 24. Let i be q/(-4) + 5/10. Let d = i - 11. What is the units digit of d?
4
Let w = -2 + 10. Let o(c) = 3 + 12*c - c**2 - 8 - 3*c. What is the units digit of o(w)?
3
Let n(a) = -a**2 + 7*a. Let c be (1*-1)/((-8)/40). Let h be n(c). Let q = -8 + h. What is the units digit of q?
2
Let z be ((-6)/9)/((-2)/9). Let o be z/(-9)*0 + 5. Suppose 3*d + 4*b = d + 34, -o*d = -3*b - 33. What is the units digit of d?
9
Suppose -364 = n - 5*n. Suppose n = 4*k - 49. What is the units digit of k?
5
Let k(r) = 17*r - 7. What is the tens digit of k(3)?
4
Let n = -67 - -234. What is the tens digit of n?
6
Suppose 3*z = 9*z - 18. What is the units digit of z?
3
Suppose 2*q = w + 29, q + q - 32 = 2*w. Suppose -4*j + q = 73. What is the units digit of j*(-12)/9*1?
0
Let r be -2 - -7*(-2 - -1). What is the units digit of ((-9)/r)/(1 - 0)?
1
Suppose 0 = 5*r - 2*r - 18. Let s(q) = -q**2 + 6*q + 5. What is the units digit of s(r)?
5
Let v(k) = k**3 + 3*k**2 + 3*k + 3. Let o be v(-2). Let a(z) = 2*z - o + 3*z - 2*z. What is the units digit of a(1)?
2
Let p(z) = -z + 1. Let a be p(-3). Let c be (a/(-14))/(4/(-28)). Suppose -10 = -c*s + 8. What is the units digit of s?
9
Let j = 12 - -7. Suppose 3*m + 4*v = -2*m + 36, 2*m - 3*v = j. What is the units digit of m?
8
Suppose 2*m - 3 = 1, 3*s = -m + 863. What is the hundreds digit of s?
2
Let m = 0 + 39. What is the tens digit of m?
3
Let g be ((-21)/12 + 1)*12. Let k = 16 + g. What is the units digit of k?
7
Let u(p) = 3*p**2 + 5*p + 2. What is the tens digit of u(-3)?
1
Suppose -5*w = 5*k - 40, 5 + 5 = 2*k + 4*w. Let u = k - 5. What is the units digit of u/(-8)*(-4 + 0)?
3
Let q(v) = -5*v**2 + 2*v - 2. Let g be q(2). Let r be (-10)/45 + 86/g. Let p(f) = -f**3 - 4*f**2 + 5*f + 4. What is the units digit of p(r)?
4
Let h(q) = q + q - 4*q + 1. Let j be (1 - 4)*35/21. What is the tens digit of h(j)?
1
Suppose -6*d + 62 = -4*d. What is the tens digit of d?
3
Suppose y - 4 = -y. Let d = 0 + y. What is the units digit of d?
2
Let v be 6*2 - (-16)/(-8). Let m = v - 9. What is the units digit of m?
1
Let u(j) = 3*j**2 + 2*j + 4. What is the tens digit of u(3)?
3
Let q(r) = -5*r - 21. What is the tens digit of q(-9)?
2
Let d = 19 + 9. What is the units digit of d?
8
Let u(t) = -2*t + 5. Let q be 12/18 + 20/6. Let w be u(q). Let l = 7 + w. What is the units digit of l?
4
Suppose 4*g - 2*g = 0. Let c(m) = m**2 + m + 53. What is the units digit of c(g)?
3
Suppose -2*r = 3*k + 2*r - 2, 0 = k + 2*r. What is the tens digit of -1*(k + 1) - -29?
2
Let s(n) = 1 + 0*n**2 - n**2 + 5*n - 4*n. Let q be s(3). Let v(c) = c**3 + 6*c**2 + 4*c - 1. What is the units digit of v(q)?
4
Suppose -5*p = -3*t + 5, -4*t = -p - p - 2. Let q = -3 - p. What is the units digit of 7*(0 + q/(-2))?
7
Let y be 8/28 + (-24)/(-14). Suppose 3*g = -y*g + 80. What is the tens digit of g?
1
Let t = 2 - -4. Let z be 4/(-12) + 32/t. What is the units digit of ((-2)/4)/(z/(-60))?
6
Suppose -6 = -2*g - 2. Suppose 0 = -y + g + 5. What is the units digit of y?
7
Suppose -18*l + 288 = -14*l. What is the tens digit of l?
7
Let d be 3 + 0 + 3 + -1. Let u be (-8)/d*(-5)/2. What is the tens digit of u/((-8)/7)*-4?
1
Let r(z) = -z**3 + 2*z**2 + 3*z + 1. What is the units digit of r(3)?
1
Let v(l) = 3*l**3 - l + 10. What is the tens digit of v(3)?
8
Suppose 4*j + 3*r - 46 = -4, -3*r = -3*j + 21. Let a be (2/(-4))/(5/(-20)). Let l = j - a. What is the units digit of l?
7
Let b(z) = 2*z + 5. What is the units digit of b(0)?
5
Suppose 0 = -3*b - 3 + 15. Suppose -q - b = -6. What is the units digit of q?
2
Suppose -2*k = -4*k + 18. Suppose k = -3*v - 2*s, -v - 5*s = 2*v + 18. Let j(d) = -5*d. What is the units digit of j(v)?
5
Suppose 93 = 3*j - 27. Suppose j = 4*q + q. Let k(f) = -f**3 + 7*f**2 + 7*f + 10. What is the units digit of k(q)?
2
Let g be -1*2 + -1 + 3. Let l = -1 - g. What is the units digit of 0/(-2) + (-9)/l?
9
Let a(i) = -i**3 - 5*i**2 - i - 5. Let k be a(-5). Suppose -8*z + 11*z - 42 = k. What is the units digit of z?
4
Suppose -14*w + 15*w = 160. What is the tens digit of w?
6
Let x be 0/(1 + -3 + 1). Suppose 2 = -t, i = t + 6 - 0. Suppose i*q + 12 - 47 = -o, x = 4*o - 2*q - 68. What is the units digit of o?
9
Let n = -55 + 155. What is the hundreds digit of n?
1
Suppose -3*x - 2 = -8. Let v(a) = 4*a + a + a**x + a - 8*a. What is the units digit of v(5)?
5
Let r = -11 + 22. What is the units digit of r?
1
Let a be -2*1/(-5)*15. Let k = -2 + a. Let f = k - 3. What is the units digit of f?
1
Let f(a) = 91*a**2 + 5*a + 5. What is the units digit of f(-1)?
1
Suppose -5*p = 3*d - 41, -3*d + 37 = -p + 5*p. Let i = 6 + d. What is the tens digit of i?
1
Let q(p) = p + 6. Suppose f = 3*f - 2. Let k be (3 - 8)/(f - 0). What is the units digit of q(k)?
1
Let u(i) be the third derivative of i**4/24 + 4*i**3/3 - 2*i**2. What is the units digit of u(9)?
7
Suppose -10*s + 9*s = -174. What is the hundreds digit of s?
1
Suppose -5*l - 9*l + 1526 = 0. What is the tens digit of l?
0
Suppose -m - 26 = -5*v + 2*m, -5*v + 24 = -2*m. Suppose -3*t + 2*j = -92, t - 2*j = -v*t + 156. What is the tens digit of t?
3
Let z = 12 + -10. What is the units digit of z?
2
Suppose -6 = -4*x - 2*t, 4 = t + 5. Suppose x*q - 8 = f + 50, 5*f = -20. What is the tens digit of q?
2
Suppose -m - 4*m = 5*z - 20, 4*z = m - 4. Suppose -4*q = -12 - 0. Suppose 3*t - 48 = m*x, 6*t - 48 = q*t + 3*x. What is the units digit of t?
6
Let d(q) = -q - 10. Let i(b) = 5. Let x(r) = -2*d(r) - 5*i(r). What is the units digit of x(9)?
3
Suppose -h - 4*w - 2 - 3 = 0, -2*h = 3*w + 30. What is the units digit of 2*2/(-12)*h?
7
Let s be ((-4)/(-1))/((-4)/(-2)). Suppose s*f = 4*f - 4. What is the units digit of f?
2